{"id":665,"date":"2025-08-09T17:40:20","date_gmt":"2025-08-09T15:40:20","guid":{"rendered":"https:\/\/qvcti.fr\/?page_id=665"},"modified":"2026-02-06T10:32:18","modified_gmt":"2026-02-06T09:32:18","slug":"experimentez-qvcti","status":"publish","type":"page","link":"https:\/\/qvcti.fr\/index.php\/experimentez-qvcti\/","title":{"rendered":"Exp\u00e9rimentez QVCTi"},"content":{"rendered":"<div class=\"et_pb_section_0 et_pb_section et_section_regular et_block_section\">\n<div class=\"et_pb_row_0 et_pb_row et_pb_gutters3 et_block_row\">\n<div class=\"et_pb_column_0 et_pb_column et_pb_column_3_5 et_block_column et_pb_css_mix_blend_mode_passthrough\">\n<div class=\"et_pb_text_0 et_pb_text et_pb_bg_layout_light et_pb_module et_block_module\"><div class=\"et_pb_text_inner\"><h1>Exp\u00e9rimentez QVCT<strong><span style=\"color: #189eb0;\"><em><span style=\"font-family: Lora;\">i<\/span><\/em><\/span><\/strong>\u00ae au sein de votre organisation\u00a0<\/h1>\n<\/div><\/div>\n\n<div class=\"et_pb_text_1 et_pb_text et_pb_bg_layout_light et_pb_module et_block_module\"><div class=\"et_pb_text_inner\"><p style=\"text-align: left;\">Participez \u00e0 la phase exp\u00e9rimentale de QVCTi\u00ae et devenez acteur de l\u2019innovation en qualit\u00e9 de vie et conditions de travail. Cette exp\u00e9rimentation unique vous offre l\u2019opportunit\u00e9 d\u2019int\u00e9grer un dispositif valid\u00e9 scientifiquement, con\u00e7u pour transformer durablement vos pratiques organisationnelles.<\/p>\n<p style=\"text-align: left;\">En rejoignant ce programme, vous contribuez \u00e0 la recherche tout en b\u00e9n\u00e9ficiant d\u2019un accompagnement adapt\u00e9 \u00e0 votre contexte.<\/p>\n<\/div><\/div>\n\n<div class=\"et_pb_module et_pb_button_module_wrapper et_pb_button_0_wrapper\"><a class=\"et_pb_button_0 et_pb_button et_pb_bg_layout_light et_pb_module et_block_module\" href=\"https:\/\/adconseil.org\/?ff_landing=81\" target=\"_blank\" data-icon=\"\uf101\">Je participe<\/a><\/div>\n\n<div class=\"et_pb_code_0 et_pb_code et_pb_module\"><\/div>\n<\/div>\n\n<div class=\"et_pb_column_1 et_pb_column et_pb_column_2_5 et-last-child et_flex_column et_pb_css_mix_blend_mode_passthrough\">\n<div class=\"et_pb_image_0 et_pb_image et_pb_module et_block_module\"><span class=\"et_pb_image_wrap\"><img decoding=\"async\" src=\"http:\/\/qvcti.fr\/wp-content\/uploads\/2025\/08\/Bring-Solutions-To-Problems-Streamline-Bangalore-1.svg\" class=\"wp-image-682\" \/><\/span><\/div>\n<\/div>\n<\/div>\n<\/div>\n\n<div class=\"et_pb_section_1 et_pb_section et_section_regular et_block_section\">\n<div class=\"et_pb_row_1 et_pb_row et_pb_gutters3 et_block_row\">\n<div class=\"et_pb_column_2 et_pb_column et_pb_column_4_4 et-last-child et_block_column et_pb_css_mix_blend_mode_passthrough\">\n<div class=\"et_pb_text_2 et_pb_text et_pb_bg_layout_light et_pb_module et_block_module\"><div class=\"et_pb_text_inner\"><h2 style=\"text-align: center;\">Objectifs de l&#8217;exp\u00e9rimentation QVCT<span style=\"color: #189eb0;\"><em><strong><span style=\"font-family: Lora;\">i<\/span><\/strong><\/em><\/span>\u00ae<\/h2>\n<\/div><\/div>\n\n<div class=\"et_pb_text_3 et_pb_text et_pb_bg_layout_light et_pb_module et_block_module\"><div class=\"et_pb_text_inner\"><p style=\"text-align: justify;\">Participer \u00e0 l\u2019exp\u00e9rimentation QVCTi\u00ae signifie s\u2019engager dans une d\u00e9marche scientifique s\u00e9rieuse et encadr\u00e9e, men\u00e9e dans le respect des plus hauts standards de rigueur et de confidentialit\u00e9. Les donn\u00e9es recueillies sont trait\u00e9es de mani\u00e8re strictement anonyme et s\u00e9curis\u00e9e. Chaque organisation participante b\u00e9n\u00e9ficie en retour d\u2019une analyse personnalis\u00e9e et de recommandations op\u00e9rationnelles, afin de transformer l\u2019exp\u00e9rimentation en v\u00e9ritables leviers d\u2019action pour la sant\u00e9 et la qualit\u00e9 de vie au travail.<\/p>\n<\/div><\/div>\n<\/div>\n<\/div>\n\n<div class=\"et_pb_row_2 et_pb_row et_pb_equal_columns et_pb_gutters3 et_block_row\">\n<div class=\"et_pb_column_3 et_pb_column et_pb_column_1_3 et_block_column et_pb_css_mix_blend_mode_passthrough\">\n<div class=\"et_pb_image_1 et_pb_image et_pb_module et_block_module\"><span class=\"et_pb_image_wrap\"><img loading=\"lazy\" decoding=\"async\" src=\"http:\/\/qvcti.fr\/wp-content\/uploads\/2025\/08\/tableau-de-bord.png\" width=\"128\" height=\"128\" class=\"wp-image-704\" title=\"hands-together\" \/><\/span><\/div>\n\n<div class=\"et_pb_heading_0 et_pb_heading et_pb_module et_block_module\"><div class=\"et_pb_heading_container\"><h1 class=\"et_pb_module_header\">Testez le barom\u00e8tre QVCTi\u00ae<\/h1><\/div><\/div>\n\n<div class=\"et_pb_text_4 et_pb_text et_pb_bg_layout_light et_pb_module et_block_module\"><div class=\"et_pb_text_inner\"><p>Mesurez de fa\u00e7on rigoureuse vos pratiques organisationnelles vertueuses gr\u00e2ce \u00e0 notre outil scientifique de r\u00e9f\u00e9rence. Cette \u00e9valuation structur\u00e9e offre une vision claire de vos points forts et des leviers \u00e0 activer.<\/p>\n<\/div><\/div>\n<\/div>\n\n<div class=\"et_pb_column_4 et_pb_column et_pb_column_1_3 et_block_column et_pb_css_mix_blend_mode_passthrough\">\n<div class=\"et_pb_image_2 et_pb_image et_pb_module et_block_module\"><span class=\"et_pb_image_wrap\"><img loading=\"lazy\" decoding=\"async\" src=\"http:\/\/qvcti.fr\/wp-content\/uploads\/2025\/08\/commentaire.png\" width=\"128\" height=\"128\" class=\"wp-image-702\" title=\"hands-together\" \/><\/span><\/div>\n\n<div class=\"et_pb_heading_1 et_pb_heading et_pb_module et_block_module\"><div class=\"et_pb_heading_container\"><h1 class=\"et_pb_module_header\">Exp\u00e9rimentez les focus groupes participatifs<\/h1><\/div><\/div>\n\n<div class=\"et_pb_text_5 et_pb_text et_pb_bg_layout_light et_pb_module et_block_module\"><div class=\"et_pb_text_inner\"><p>A partir des enjeux cl\u00e9s identifi\u00e9s par le barom\u00e8tre, impliquez vos \u00e9quipes dans des ateliers collaboratifs innovants pour identifier des am\u00e9liorations concr\u00e8tes issues de l&#8217;intelligence collective.<\/p>\n<\/div><\/div>\n<\/div>\n\n<div class=\"et_pb_column_5 et_pb_column et_pb_column_1_3 et-last-child et_block_column et_pb_css_mix_blend_mode_passthrough\">\n<div class=\"et_pb_image_3 et_pb_image et_pb_module et_block_module\"><span class=\"et_pb_image_wrap\"><img loading=\"lazy\" decoding=\"async\" src=\"http:\/\/qvcti.fr\/wp-content\/uploads\/2025\/08\/micropuce-ia.png\" width=\"128\" height=\"128\" class=\"wp-image-705\" title=\"hands-together\" \/><\/span><\/div>\n\n<div class=\"et_pb_heading_2 et_pb_heading et_pb_module et_block_module\"><div class=\"et_pb_heading_container\"><h1 class=\"et_pb_module_header\">Reliez \u00e9tat des lieux et actions gr\u00e2ce \u00e0 l&#8217;IA<\/h1><\/div><\/div>\n\n<div class=\"et_pb_text_6 et_pb_text et_pb_bg_layout_light et_pb_module et_block_module\"><div class=\"et_pb_text_inner\"><p>Associez les r\u00e9sultats du barom\u00e8tre \u00e0 vos indicateurs RH et sant\u00e9 au travail gr\u00e2ce \u00e0 la puissance d&#8217;un mod\u00e8le IA innovant. Ce dernier apprend \u00e0 identifier\u00a0 les pratiques les plus efficientes et adapt\u00e9es.<\/p>\n<\/div><\/div>\n<\/div>\n<\/div>\n\n<div class=\"et_pb_row_3 et_pb_row et_pb_gutters3 et_block_row\">\n<div class=\"et_pb_column_6 et_pb_column et_pb_column_4_4 et-last-child et_block_column et_pb_css_mix_blend_mode_passthrough\">\n<div class=\"et_pb_text_7 et_pb_text et_pb_bg_layout_light et_pb_module et_block_module\"><div class=\"et_pb_text_inner\"><p style=\"text-align: center;\">L&#8217;exp\u00e9rimentation est gratuite et ouverte \u00e0 toutes les organisations volontaires.<\/p>\n<\/div><\/div>\n\n<div class=\"et_pb_module et_pb_button_module_wrapper et_pb_button_1_wrapper\"><a class=\"et_pb_button_1 et_pb_button et_pb_bg_layout_light et_pb_module et_block_module\" href=\"https:\/\/qvcti.fr\/index.php\/le-projet-scientifique\/\" target=\"_blank\" data-icon=\"\uf101\">En savoir plus sur les bases scientifiques<\/a><\/div>\n<\/div>\n<\/div>\n<\/div>\n\n<div class=\"et_pb_section_2 et_pb_section et_section_regular et_block_section\">\n<div class=\"et_pb_row_4 et_pb_row et_pb_gutters3 et_block_row\">\n<div class=\"et_pb_column_7 et_pb_column et_pb_column_4_4 et-last-child et_block_column et_pb_css_mix_blend_mode_passthrough\">\n<div class=\"et_pb_text_8 et_pb_text et_pb_bg_layout_light et_pb_module et_block_module\"><div class=\"et_pb_text_inner\"><h2 style=\"text-align: center;\">\u00e9tapes de l&#8217;exp\u00e9rimentation<\/h2>\n<\/div><\/div>\n<\/div>\n<\/div>\n\n<div class=\"et_pb_row_5 et_pb_row et_flex_row\">\n<div class=\"et_pb_column_8 et_pb_column et-last-child et_flex_column et_pb_css_mix_blend_mode_passthrough et_flex_column_24_24\">\n\n\n\n<\/div>\n<\/div>\n<\/div>\n\n<div class=\"et_pb_section_3 et_pb_section et_section_regular et_block_section\">\n<div class=\"et_pb_row_6 et_pb_row et_pb_gutters3 et_block_row\">\n<div class=\"et_pb_column_9 et_pb_column et_pb_column_4_4 et-last-child et_block_column et_pb_css_mix_blend_mode_passthrough\">\n<div class=\"et_pb_text_9 et_pb_text et_pb_bg_layout_light et_pb_module et_block_module\"><div class=\"et_pb_text_inner\"><h2 style=\"text-align: center;\">Quels r\u00e9sultats obtiendrez-vous ?<\/h2>\n<\/div><\/div>\n<\/div>\n<\/div>\n\n<div class=\"et_pb_row_7 et_pb_row et_flex_row\">\n<div class=\"et_pb_column_10 et_pb_column et_flex_column et_pb_css_mix_blend_mode_passthrough et_flex_column_8_24 et_flex_column_24_24_phone\">\n<div class=\"et_pb_blurb_0 et_pb_blurb et_pb_bg_layout_light et_pb_text_align_left et_pb_blurb_position_top et_pb_module et_block_module\"><div class=\"et_pb_blurb_content\"><div class=\"et_pb_main_blurb_image\"><span class=\"et_pb_image_wrap\"><span class=\"et-pb-icon et-waypoint et_pb_animation_top et_pb_animation_top_tablet et_pb_animation_top_phone\">\uf5c0<\/span><\/span><\/div><div class=\"et_pb_blurb_container\"><h4 class=\"et_pb_module_header\">Etat de vos pratiques QVCT<\/h4><div class=\"et_pb_blurb_description\"><p>Obtenez un diagnostic issu du barom\u00e8tre QVCTi\u00ae, r\u00e9v\u00e9lant clairement vos enjeux cl\u00e9s, vos atouts majeurs et les domaines prioritaires d\u2019am\u00e9lioration.<\/p>\n<\/div><\/div><\/div><\/div>\n<\/div>\n\n<div class=\"et_pb_column_11 et_pb_column et_flex_column et_pb_css_mix_blend_mode_passthrough et_flex_column_8_24 et_flex_column_24_24_phone\">\n<div class=\"et_pb_blurb_1 et_pb_blurb et_pb_bg_layout_light et_pb_text_align_left et_pb_blurb_position_top et_pb_module et_block_module\"><div class=\"et_pb_blurb_content\"><div class=\"et_pb_main_blurb_image\"><span class=\"et_pb_image_wrap\"><span class=\"et-pb-icon et-waypoint et_pb_animation_top et_pb_animation_top_tablet et_pb_animation_top_phone\">\uf689<\/span><\/span><\/div><div class=\"et_pb_blurb_container\"><h4 class=\"et_pb_module_header\">Comparaison aux normes<\/h4><div class=\"et_pb_blurb_description\"><p>Situez vos pratiques par rapport \u00e0 celles d\u2019autres organisations, gr\u00e2ce \u00e0 des donn\u00e9es de r\u00e9f\u00e9rence qui mettent en perspective vos performances.<\/p>\n<\/div><\/div><\/div><\/div>\n<\/div>\n\n<div class=\"et_pb_column_12 et_pb_column et-last-child et_flex_column et_pb_css_mix_blend_mode_passthrough et_flex_column_8_24 et_flex_column_24_24_phone\">\n<div class=\"et_pb_blurb_2 et_pb_blurb et_pb_bg_layout_light et_pb_text_align_left et_pb_blurb_position_top et_pb_module et_block_module\"><div class=\"et_pb_blurb_content\"><div class=\"et_pb_main_blurb_image\"><span class=\"et_pb_image_wrap\"><span class=\"et-pb-icon et-waypoint et_pb_animation_top et_pb_animation_top_tablet et_pb_animation_top_phone\">\uf481<\/span><\/span><\/div><div class=\"et_pb_blurb_container\"><h4 class=\"et_pb_module_header\">Indicateurs de sant\u00e9 <\/h4><div class=\"et_pb_blurb_description\"><p>Acc\u00e9dez \u00e0 des mesures fiables sur le bien-\u00eatre psychologique et global de vos \u00e9quipes, pour suivre l\u2019impact concret de vos pratiques organisationnelles.<\/p>\n<\/div><\/div><\/div><\/div>\n<\/div>\n<\/div>\n\n<div class=\"et_pb_row_8 et_pb_row et_pb_gutters3 et_block_row\">\n<div class=\"et_pb_column_13 et_pb_column et_pb_column_4_4 et-last-child et_block_column et_pb_css_mix_blend_mode_passthrough\">\n<div class=\"et_pb_text_10 et_pb_text et_pb_bg_layout_light et_pb_module et_block_module\"><div class=\"et_pb_text_inner\"><h2 style=\"text-align: center;\">Quels pr\u00e9requis pour participer \u00e0 l&#8217;exp\u00e9rimentation ?<\/h2>\n<\/div><\/div>\n<\/div>\n<\/div>\n\n<div class=\"et_pb_row_9 et_pb_row et_flex_row\">\n<div class=\"et_pb_column_14 et_pb_column et_flex_column et_pb_css_mix_blend_mode_passthrough et_flex_column_8_24 et_flex_column_24_24_phone\">\n<div class=\"et_pb_blurb_3 et_pb_blurb et_pb_bg_layout_light et_pb_text_align_left et_pb_blurb_position_left et_pb_module et_block_module\"><div class=\"et_pb_blurb_content\"><div class=\"et_pb_main_blurb_image\"><span class=\"et_pb_image_wrap\"><span class=\"et-pb-icon et-waypoint et_pb_animation_top et_pb_animation_top_tablet et_pb_animation_top_phone\">\uf568<\/span><\/span><\/div><div class=\"et_pb_blurb_container\"><h4 class=\"et_pb_module_header\">Latitude d&#8217;action<\/h4><div class=\"et_pb_blurb_description\"><p data-start=\"287\" data-end=\"426\">Disposer d\u2019une marge de man\u0153uvre suffisante pour d\u00e9ployer la d\u00e9marche et mettre en \u0153uvre les actions identifi\u00e9es.<\/p>\n<\/div><\/div><\/div><\/div>\n<\/div>\n\n<div class=\"et_pb_column_15 et_pb_column et_flex_column et_pb_css_mix_blend_mode_passthrough et_flex_column_8_24 et_flex_column_24_24_phone\">\n<div class=\"et_pb_blurb_4 et_pb_blurb et_pb_bg_layout_light et_pb_text_align_left et_pb_blurb_position_left et_pb_module et_block_module\"><div class=\"et_pb_blurb_content\"><div class=\"et_pb_main_blurb_image\"><span class=\"et_pb_image_wrap\"><span class=\"et-pb-icon et-waypoint et_pb_animation_top et_pb_animation_top_tablet et_pb_animation_top_phone\">\uf0a1<\/span><\/span><\/div><div class=\"et_pb_blurb_container\"><h4 class=\"et_pb_module_header\">Mobilisation <\/h4><div class=\"et_pb_blurb_description\"><p>Capacit\u00e9 \u00e0 diffuser le barom\u00e8tre \u00e0 vos collaborateurs et encourager leur participation en s\u2019appuyant sur les supports de communication fournis.<\/p>\n<\/div><\/div><\/div><\/div>\n<\/div>\n\n<div class=\"et_pb_column_16 et_pb_column et-last-child et_flex_column et_pb_css_mix_blend_mode_passthrough et_flex_column_8_24 et_flex_column_24_24_phone\">\n<div class=\"et_pb_blurb_5 et_pb_blurb et_pb_bg_layout_light et_pb_text_align_left et_pb_blurb_position_left et_pb_module et_block_module\"><div class=\"et_pb_blurb_content\"><div class=\"et_pb_main_blurb_image\"><span class=\"et_pb_image_wrap\"><span class=\"et-pb-icon et-waypoint et_pb_animation_top et_pb_animation_top_tablet et_pb_animation_top_phone\">\uf0c0<\/span><\/span><\/div><div class=\"et_pb_blurb_container\"><h4 class=\"et_pb_module_header\">Int\u00e9r\u00eat collectif<\/h4><div class=\"et_pb_blurb_description\"><p>Engagement partag\u00e9 par les acteurs cl\u00e9s (RH, CSE, managers, direction) pour mener la d\u00e9marche dans un esprit constructif.<\/p>\n<\/div><\/div><\/div><\/div>\n<\/div>\n<\/div>\n\n<div class=\"et_pb_row_10 et_pb_row et_flex_row\">\n<div class=\"et_pb_column_17 et_pb_column et_flex_column et_pb_css_mix_blend_mode_passthrough et_flex_column_8_24 et_flex_column_24_24_phone\">\n<div class=\"et_pb_blurb_6 et_pb_blurb et_pb_bg_layout_light et_pb_text_align_left et_pb_blurb_position_left et_pb_module et_block_module\"><div class=\"et_pb_blurb_content\"><div class=\"et_pb_main_blurb_image\"><span class=\"et_pb_image_wrap\"><span class=\"et-pb-icon et-waypoint et_pb_animation_top et_pb_animation_top_tablet et_pb_animation_top_phone\">\uf2b5<\/span><\/span><\/div><div class=\"et_pb_blurb_container\"><h4 class=\"et_pb_module_header\">Approche paritaire<\/h4><div class=\"et_pb_blurb_description\"><p>Implication conjointe des repr\u00e9sentants de la direction et des salari\u00e9s pour favoriser l\u2019adh\u00e9sion et la pertinence des actions.<\/p>\n<\/div><\/div><\/div><\/div>\n<\/div>\n\n<div class=\"et_pb_column_18 et_pb_column et_flex_column et_pb_css_mix_blend_mode_passthrough et_flex_column_8_24 et_flex_column_24_24_phone\">\n<div class=\"et_pb_blurb_7 et_pb_blurb et_pb_bg_layout_light et_pb_text_align_left et_pb_blurb_position_left et_pb_module et_block_module\"><div class=\"et_pb_blurb_content\"><div class=\"et_pb_main_blurb_image\"><span class=\"et_pb_image_wrap\"><span class=\"et-pb-icon et-waypoint et_pb_animation_top et_pb_animation_top_tablet et_pb_animation_top_phone\">\uf017<\/span><\/span><\/div><div class=\"et_pb_blurb_container\"><h4 class=\"et_pb_module_header\">Disponibilit\u00e9<\/h4><div class=\"et_pb_blurb_description\"><p>D\u00e9signation d\u2019un r\u00e9f\u00e9rent interne et disponibilit\u00e9 pour suivre les \u00e9tapes du processus.<\/p>\n<\/div><\/div><\/div><\/div>\n<\/div>\n\n<div class=\"et_pb_column_19 et_pb_column et-last-child et_flex_column et_pb_css_mix_blend_mode_passthrough et_flex_column_8_24 et_flex_column_24_24_phone\">\n<div class=\"et_pb_blurb_8 et_pb_blurb et_pb_bg_layout_light et_pb_text_align_left et_pb_blurb_position_left et_pb_module et_block_module\"><div class=\"et_pb_blurb_content\"><div class=\"et_pb_main_blurb_image\"><span class=\"et_pb_image_wrap\"><span class=\"et-pb-icon et-waypoint et_pb_animation_top et_pb_animation_top_tablet et_pb_animation_top_phone\">\uf0eb<\/span><\/span><\/div><div class=\"et_pb_blurb_container\"><h4 class=\"et_pb_module_header\">Volont\u00e9 d\u2019apprentissage et d\u2019am\u00e9lioration continue<\/h4><div class=\"et_pb_blurb_description\"><p>Ouverture \u00e0 l\u2019exp\u00e9rimentation et \u00e0 l\u2019int\u00e9gration des enseignements dans les pratiques futures.<\/p>\n<\/div><\/div><\/div><\/div>\n<\/div>\n<\/div>\n\n<div class=\"et_pb_row_11 et_pb_row et_flex_row\">\n<div class=\"et_pb_column_20 et_pb_column et-last-child et_flex_column et_pb_css_mix_blend_mode_passthrough et_flex_column_24_24\">\n<div class=\"et_pb_module et_pb_button_module_wrapper et_pb_button_2_wrapper\"><a class=\"et_pb_button_2 et_pb_button et_pb_bg_layout_light et_pb_module et_block_module\" href=\"https:\/\/adconseil.org\/?ff_landing=77\" target=\"_blank\" data-icon=\"\uf101\">Je participe<\/a><\/div>\n<\/div>\n<\/div>\n<\/div>","protected":false},"excerpt":{"rendered":"","protected":false},"author":2,"featured_media":0,"parent":0,"menu_order":0,"comment_status":"closed","ping_status":"closed","template":"","meta":{"_et_pb_use_builder":"on","_et_pb_old_content":"","_et_gb_content_width":"","footnotes":""},"dipi_cpt_category":[],"class_list":["post-665","page","type-page","status-publish","hentry"],"_links":{"self":[{"href":"https:\/\/qvcti.fr\/index.php\/wp-json\/wp\/v2\/pages\/665","targetHints":{"allow":["GET"]}}],"collection":[{"href":"https:\/\/qvcti.fr\/index.php\/wp-json\/wp\/v2\/pages"}],"about":[{"href":"https:\/\/qvcti.fr\/index.php\/wp-json\/wp\/v2\/types\/page"}],"author":[{"embeddable":true,"href":"https:\/\/qvcti.fr\/index.php\/wp-json\/wp\/v2\/users\/2"}],"replies":[{"embeddable":true,"href":"https:\/\/qvcti.fr\/index.php\/wp-json\/wp\/v2\/comments?post=665"}],"version-history":[{"count":43,"href":"https:\/\/qvcti.fr\/index.php\/wp-json\/wp\/v2\/pages\/665\/revisions"}],"predecessor-version":[{"id":1448,"href":"https:\/\/qvcti.fr\/index.php\/wp-json\/wp\/v2\/pages\/665\/revisions\/1448"}],"wp:attachment":[{"href":"https:\/\/qvcti.fr\/index.php\/wp-json\/wp\/v2\/media?parent=665"}],"wp:term":[{"taxonomy":"dipi_cpt_category","embeddable":true,"href":"https:\/\/qvcti.fr\/index.php\/wp-json\/wp\/v2\/dipi_cpt_category?post=665"}],"curies":[{"name":"wp","href":"https:\/\/api.w.org\/{rel}","templated":true}]}}